{"id":1032,"date":"2019-03-09T20:06:09","date_gmt":"2019-03-09T23:06:09","guid":{"rendered":"https:\/\/ifdmmg-crr.infd.edu.ar\/sitio\/?page_id=1032"},"modified":"2025-06-06T20:25:22","modified_gmt":"2025-06-06T23:25:22","slug":"padrones-interinatos-y-suplencias-2019-2","status":"publish","type":"page","link":"https:\/\/ifdmmg-crr.infd.edu.ar\/sitio\/padrones-interinatos-y-suplencias-2019-2\/","title":{"rendered":"LISTADOS DE INSCRIPTOS"},"content":{"rendered":"\n<h2 class=\"wp-block-heading\">Inscripci\u00f3n Ordinaria para Interinatos y Suplencias<\/h2>\n\n\n\n<p>Se recuerda que este listado es solamente la n\u00f3mina de inscriptos a cada unidad curricular de los diferentes Profesorados, no representa orden de m\u00e9rito, ya que no es un padr\u00f3n. El padr\u00f3n correspondiente a esta inscripci\u00f3n se publicar\u00e1 el pr\u00f3ximo a\u00f1o, seg\u00fan la fecha que establezca el calendario escolar para dicho ciclo lectivo.<\/p>\n\n\n\n<p><strong>2026<\/strong><\/p>\n\n\n\n<div class=\"wp-block-file\"><object class=\"wp-block-file__embed\" data=\"https:\/\/ifdmmg-crr.infd.edu.ar\/sitio\/wp-content\/uploads\/2025\/06\/180177800-MATERIAS-INSCRIPTOS-2026.pdf\" type=\"application\/pdf\" style=\"width:100%;height:600px\" aria-label=\"Incrustado de 180177800-MATERIAS-INSCRIPTOS-2026.\"><\/object><a id=\"wp-block-file--media-f148a7cb-4edc-4668-a8c6-139720912ca3\" href=\"https:\/\/ifdmmg-crr.infd.edu.ar\/sitio\/wp-content\/uploads\/2025\/06\/180177800-MATERIAS-INSCRIPTOS-2026.pdf\">180177800-MATERIAS-INSCRIPTOS-2026<\/a><a href=\"https:\/\/ifdmmg-crr.infd.edu.ar\/sitio\/wp-content\/uploads\/2025\/06\/180177800-MATERIAS-INSCRIPTOS-2026.pdf\" class=\"wp-block-file__button wp-element-button\" download aria-describedby=\"wp-block-file--media-f148a7cb-4edc-4668-a8c6-139720912ca3\">Descarga<\/a><\/div>\n\n\n\n<p><strong>2025<\/strong><\/p>\n\n\n\n<div class=\"wp-block-file\"><object class=\"wp-block-file__embed\" data=\"https:\/\/ifdmmg-crr.infd.edu.ar\/sitio\/wp-content\/uploads\/2024\/07\/180177800-MATERIAS-INSCRIPTOS-2025.pdf\" type=\"application\/pdf\" style=\"width:100%;height:600px\" aria-label=\"Incrustado de 180177800-MATERIAS-INSCRIPTOS-2025.\"><\/object><a id=\"wp-block-file--media-b7b849f5-09d5-4e63-b737-ced7bd906527\" href=\"https:\/\/ifdmmg-crr.infd.edu.ar\/sitio\/wp-content\/uploads\/2024\/07\/180177800-MATERIAS-INSCRIPTOS-2025.pdf\">180177800-MATERIAS-INSCRIPTOS-2025<\/a><a href=\"https:\/\/ifdmmg-crr.infd.edu.ar\/sitio\/wp-content\/uploads\/2024\/07\/180177800-MATERIAS-INSCRIPTOS-2025.pdf\" class=\"wp-block-file__button wp-element-button\" download aria-describedby=\"wp-block-file--media-b7b849f5-09d5-4e63-b737-ced7bd906527\">Descarga<\/a><\/div>\n","protected":false},"excerpt":{"rendered":"<p>Inscripci\u00f3n Ordinaria para Interinatos y Suplencias Se recuerda que este listado es solamente la n\u00f3mina de inscriptos a cada unidad curricular de los diferentes Profesorados, no representa orden de m\u00e9rito, ya que no es un padr\u00f3n. El padr\u00f3n correspondiente a esta inscripci\u00f3n se publicar\u00e1 el pr\u00f3ximo a\u00f1o, seg\u00fan la fecha que establezca el calendario escolar &#8230; <a title=\"LISTADOS DE INSCRIPTOS\" class=\"read-more\" href=\"https:\/\/ifdmmg-crr.infd.edu.ar\/sitio\/padrones-interinatos-y-suplencias-2019-2\/\" aria-label=\"More on LISTADOS DE INSCRIPTOS\">[+]<\/a><\/p>\n","protected":false},"author":234,"featured_media":0,"parent":0,"menu_order":0,"comment_status":"closed","ping_status":"closed","template":"","meta":[],"acf":[],"_links":{"self":[{"href":"https:\/\/ifdmmg-crr.infd.edu.ar\/sitio\/wp-json\/wp\/v2\/pages\/1032"}],"collection":[{"href":"https:\/\/ifdmmg-crr.infd.edu.ar\/sitio\/wp-json\/wp\/v2\/pages"}],"about":[{"href":"https:\/\/ifdmmg-crr.infd.edu.ar\/sitio\/wp-json\/wp\/v2\/types\/page"}],"author":[{"embeddable":true,"href":"https:\/\/ifdmmg-crr.infd.edu.ar\/sitio\/wp-json\/wp\/v2\/users\/234"}],"replies":[{"embeddable":true,"href":"https:\/\/ifdmmg-crr.infd.edu.ar\/sitio\/wp-json\/wp\/v2\/comments?post=1032"}],"version-history":[{"count":20,"href":"https:\/\/ifdmmg-crr.infd.edu.ar\/sitio\/wp-json\/wp\/v2\/pages\/1032\/revisions"}],"predecessor-version":[{"id":2091,"href":"https:\/\/ifdmmg-crr.infd.edu.ar\/sitio\/wp-json\/wp\/v2\/pages\/1032\/revisions\/2091"}],"wp:attachment":[{"href":"https:\/\/ifdmmg-crr.infd.edu.ar\/sitio\/wp-json\/wp\/v2\/media?parent=1032"}],"curies":[{"name":"wp","href":"https:\/\/api.w.org\/{rel}","templated":true}]}}